{"id":30,"date":"2025-06-13T10:42:31","date_gmt":"2025-06-13T10:42:31","guid":{"rendered":"https:\/\/rotabilisim.com\/?page_id=30"},"modified":"2025-06-13T10:42:31","modified_gmt":"2025-06-13T10:42:31","slug":"referanslar","status":"publish","type":"page","link":"https:\/\/rotabilisim.com\/index.php\/referanslar\/","title":{"rendered":"Referanslar"},"content":{"rendered":"\n<h1 class=\"wp-block-heading\">Bizi Tercih Edenler<\/h1>\n\n\n\n<figure class=\"wp-block-table\"><table><tbody><tr><td>1 &#8211;&nbsp;<\/td><td>100.YIL ECZANESI ECZ.AHMET EMRAH KESKIN<\/td><\/tr><tr><td>2 &#8211;&nbsp;<\/td><td>100.YIL JAPON PAZARI SERKAN DANABAS<\/td><\/tr><tr><td>3 &#8211;&nbsp;<\/td><td>ABALIOGLU YEM SOYA TEKS. SAN.A.\u015e &#8211; LETIZA TAVUK<\/td><\/tr><tr><td>4 &#8211;&nbsp;<\/td><td>ABDULLAHOGLU KIRTAMUSTAFA-NECDET ABDULLAHO\u011eLU ORT.<\/td><\/tr><tr><td>5 &#8211;&nbsp;<\/td><td>ADEN \u0130NSAAT M\u00dcHEND\u0130SLK GIDA PAZ.TUR.TIC.LTD.\u015eT\u0130<\/td><\/tr><tr><td>6 &#8211;&nbsp;<\/td><td>AEB SANAYI.TIC.LTD.\u015eT\u0130&nbsp; &#8211; LUKET<\/td><\/tr><tr><td>7 &#8211;&nbsp;<\/td><td>AG B\u0130L\u0130\u015e\u0130M TEK.TUR.\u0130N.GIDA NAK.- GULIN SAFRAN CAFE<\/td><\/tr><tr><td>8 &#8211;&nbsp;<\/td><td>A\u0130LE VE SOSYAL POL\u0130T\u0130KALAR \u0130L M\u00dcD\u00dcRL\u00dc\u011e\u00dc<\/td><\/tr><tr><td>9 &#8211;&nbsp;<\/td><td>AK PART\u0130 \u0130L BA\u015eKANLI\u011eI<\/td><\/tr><tr><td>10 &#8211;&nbsp;<\/td><td>AK PART\u0130 MERKEZ \u0130L\u00c7E BA\u015eKANLI\u011eI<\/td><\/tr><tr><td>11 &#8211;&nbsp;<\/td><td>AK-\u00dcN KONFEKS\u0130YON &#8211; BACILAR GIYIM<\/td><\/tr><tr><td>12 &#8211;&nbsp;<\/td><td>ALICI T\u0130CARET \u0130SMET ALICI<\/td><\/tr><tr><td>13 &#8211;&nbsp;<\/td><td>ALKO GIDA \u0130HT.SAN.MAM.PAZ.LTD.\u015eT\u0130.-CICEK MARKET<\/td><\/tr><tr><td>14 &#8211;&nbsp;<\/td><td>ALOGLU MOB\u0130LYA DIVAN MOBILYA<\/td><\/tr><tr><td>15 &#8211;&nbsp;<\/td><td>AM\u0130R KURUYEMIS AM\u0130R YUKSELEN<\/td><\/tr><tr><td>16 &#8211;&nbsp;<\/td><td>ANAYASA \u0130LKOGRETIM OKULU<\/td><\/tr><tr><td>17 &#8211;&nbsp;<\/td><td>ANAYASA ORTA OKULU OKUL A\u0130LE B\u0130RL\u0130G\u0130<\/td><\/tr><tr><td>18 &#8211;&nbsp;<\/td><td>ANIL BEBE ERMAN KULO\u011eLU<\/td><\/tr><tr><td>19 &#8211;&nbsp;<\/td><td>ARDA ACAR<\/td><\/tr><tr><td>20 &#8211;&nbsp;<\/td><td>ARI MARKET ISMAIL \u00d6ZDEM\u0130R<\/td><\/tr><tr><td>21 &#8211;&nbsp;<\/td><td>ARI MUMESSILLIK MUTEAHHITLIK SAN VE T\u0130C.LTD.\u015eT\u0130<\/td><\/tr><tr><td>22 &#8211;&nbsp;<\/td><td>ASEL OTOPARK TEM.EGL.VE D\u0130N.MERK.T\u0130C.LTD.\u015eT\u0130 &#8211; KARES OTOPARK<\/td><\/tr><tr><td>23 &#8211;&nbsp;<\/td><td>ASKIN DEM\u0130R CELIK PAZ.TIC.VESAN.LTD.\u015eT\u0130<\/td><\/tr><tr><td>24 &#8211;&nbsp;<\/td><td>ASLAN HED\u0130YEL\u0130K ESYA<\/td><\/tr><tr><td>25 &#8211;&nbsp;<\/td><td>ASORTIK GIYIM SALIM&nbsp;<\/td><\/tr><tr><td>26 &#8211;&nbsp;<\/td><td>AVRUPA ELEKTRONIK SUKRU OZDEMIR<\/td><\/tr><tr><td>27 &#8211;&nbsp;<\/td><td>AYANOGLU GIDA MUARREM AYAN<\/td><\/tr><tr><td>28 &#8211;&nbsp;<\/td><td>AYB\u0130R KAL\u0130TE E\u011e\u0130T\u0130M DAN\u015e. VE TEST H\u0130ZM.T\u0130C.LTD.\u015eT\u0130<\/td><\/tr><tr><td>29 &#8211;&nbsp;<\/td><td>AYG\u00dcNSAN DEM\u0130R \u00c7EL\u0130K VE T\u0130CARET LTD.ST\u0130<\/td><\/tr><tr><td>30 &#8211;&nbsp;<\/td><td>AYMAR S\u00dcPERMARKET MUSTAFA AY<\/td><\/tr><tr><td>31 &#8211;&nbsp;<\/td><td>AYVAZ CAMI YONETIMI&nbsp;<\/td><\/tr><tr><td>32 &#8211;&nbsp;<\/td><td>B&amp;K TEKSTIL TUR\u0130ZM NAK.\u0130N\u015e.TAAH. SAN VE T\u0130C.LTD.\u015eT<\/td><\/tr><tr><td>33 &#8211;&nbsp;<\/td><td>BAHT\u0130YAR KIZ OGRENCI YURDU<\/td><\/tr><tr><td>34 &#8211;&nbsp;<\/td><td>BAL MARKET MUSTAFA BAL<\/td><\/tr><tr><td>35 &#8211;&nbsp;<\/td><td>BERBEROGLU MARKET D\u00d6ND\u00dc BERBER<\/td><\/tr><tr><td>36 &#8211;&nbsp;<\/td><td>BEREKET OTO PETROL \u00dcRNLR\u0130 \u0130N\u015e.GIDA.SAN.VE T\u0130C. A.\u015e &#8211; ERPILIC<\/td><\/tr><tr><td>37 &#8211;&nbsp;<\/td><td>BEYAZ KOSK \/ MERABASI YANINDA MEHMET TEKIN<\/td><\/tr><tr><td>38 &#8211;&nbsp;<\/td><td>BEYAZ MARKET TAHS\u0130N Y\u00dcCEK<\/td><\/tr><tr><td>39 &#8211;&nbsp;<\/td><td>BEYZADE KEBAB OSMAN AB\u0130 KARES<\/td><\/tr><tr><td>40 &#8211;&nbsp;<\/td><td>BIR FILE TOPTAN ET TAVUK NERMIN ACIERIK<\/td><\/tr><tr><td>41 &#8211;&nbsp;<\/td><td>B\u0130RLIK GIDA PAZARLAMA MUHAMMET UYANIK &#8211; SIRMA SU<\/td><\/tr><tr><td>42 &#8211;&nbsp;<\/td><td>BOGAZDA PILIC CEVIRME KENAN ERKEC<\/td><\/tr><tr><td>43 &#8211;&nbsp;<\/td><td>BOSS CAFE RESTAURANT VE S\u0130NEMA \u0130\u015eLETMEC\u0130L\u0130G\u0130<\/td><\/tr><tr><td>44 &#8211;&nbsp;<\/td><td>BURHAN KUYUMCULUK NAKL\u0130YAT \u0130N\u015e.SAN.T\u0130C.LTD.\u015eT\u0130<\/td><\/tr><tr><td>45 &#8211;&nbsp;<\/td><td>B\u00dcLSAN T\u0130CARET HAYAT\u0130 B\u00dcLB\u00dcL VE ORT. &#8211; VADOFONE<\/td><\/tr><tr><td>46 &#8211;&nbsp;<\/td><td>BY KUMP\u0130RC\u0130 \u00d6ZG\u00dcR \u00d6ZKAN<\/td><\/tr><tr><td>47 &#8211;&nbsp;<\/td><td>BY-Y&nbsp; G\u0130Y\u0130M EMRE KOCAK&nbsp;<\/td><\/tr><tr><td>48 &#8211;&nbsp;<\/td><td>CADDE BOSTAN DOGAL VE YORESEL GIDA PAZARI<\/td><\/tr><tr><td>49 &#8211;&nbsp;<\/td><td>CADDE CAFE AHMET BA\u015eAL<\/td><\/tr><tr><td>50 &#8211;&nbsp;<\/td><td>CAGLAYAN ECZANES\u0130 ECZ.YILDIZ ERAY<\/td><\/tr><tr><td>51 &#8211;&nbsp;<\/td><td>CANGUL TRAYLER<\/td><\/tr><tr><td>52 &#8211;&nbsp;<\/td><td>CANKAYA APTMANI<\/td><\/tr><tr><td>53 &#8211;&nbsp;<\/td><td>CEBECIGIL TICARET OSMAN CEBECIGIL VE ORT.<\/td><\/tr><tr><td>54 &#8211;&nbsp;<\/td><td>CEMRE OFSET MATBACILIK MUSTAFA AYTEN<\/td><\/tr><tr><td>55 &#8211;&nbsp;<\/td><td>CERCEKCI KASABI HASAN GER\u00c7EK\u00c7\u0130<\/td><\/tr><tr><td>56 &#8211;&nbsp;<\/td><td>CEYLAN INSAAT GAYRIMENKUL YATIRIM TICARET LTD.\u015eT\u0130.<\/td><\/tr><tr><td>57 &#8211;&nbsp;<\/td><td>C\u0130HAN KARATAS&nbsp; BCK YAPI<\/td><\/tr><tr><td>58 &#8211;&nbsp;<\/td><td>CINKAVUKOGLU SIGORTA HIZ. ERDAL CINKAVUK<\/td><\/tr><tr><td>59 &#8211;&nbsp;<\/td><td>CMD PAZARLAMA M.C\u0130HAT DOGAN<\/td><\/tr><tr><td>60 &#8211;&nbsp;<\/td><td>CO\u015eAR MOB\u0130LYA SAN.LTD.\u015eT\u0130<\/td><\/tr><tr><td>61 &#8211;&nbsp;<\/td><td>CO\u015eKUN MOB\u0130LYA \u0130N\u015eAAT TAAH.SAN.VE T\u0130C.LTD.\u015eT\u0130<\/td><\/tr><tr><td>62 &#8211;&nbsp;<\/td><td>\u00c7ANKAYA G\u0130Y\u0130M \u0130LYAS CANKAYA<\/td><\/tr><tr><td>63 &#8211;&nbsp;<\/td><td>\u00c7AYIRO\u011eLU BAKKAL\u0130YE &amp; MANAV YUNUS \u00c7AYIR<\/td><\/tr><tr><td>64 &#8211;&nbsp;<\/td><td>\u00c7O\u015eKUN PEN SERDAR \u00c7O\u015eKUN<\/td><\/tr><tr><td>65 &#8211;&nbsp;<\/td><td>DAMAK TADI TAVUK URUNLERI SER\u0130F \u00dcST\u00dcNDA\u011e<\/td><\/tr><tr><td>66 &#8211;&nbsp;<\/td><td>DAMGA C\u0130G K\u00d6FTE DERYA KIZILSU<\/td><\/tr><tr><td>67 &#8211;&nbsp;<\/td><td>DEM\u0130RKILIC GIDA ZEYNEP KILIC<\/td><\/tr><tr><td>68 &#8211;&nbsp;<\/td><td>DEN\u0130Z MARKET \u0130BRAH\u0130M DEN\u0130Z<\/td><\/tr><tr><td>69 &#8211;&nbsp;<\/td><td>DERYA MAGZASI<\/td><\/tr><tr><td>70 &#8211;&nbsp;<\/td><td>D\u0130RKA ORMAN URUNLERI SAN.VE.T\u0130C.LTD.ST\u0130<\/td><\/tr><tr><td>71 &#8211;&nbsp;<\/td><td>D\u0130ZDARLAR GAYR\u0130MENK\u00dcL SAN.VE T\u0130\u00c7. A.\u015e<\/td><\/tr><tr><td>72 &#8211;&nbsp;<\/td><td>EF MAR&nbsp; MUSTAFA ALPASLAN<\/td><\/tr><tr><td>73 &#8211;&nbsp;<\/td><td>EF-PA HAZIR YEMEK GIDA TEM.G\u00dcV.\u0130N\u015e.HAY.TAAH.SAN.VE<\/td><\/tr><tr><td>74 &#8211;&nbsp;<\/td><td>EL\u0130TLER GIDA \u0130NS.NAK.TUR.LTD.ST\u0130<\/td><\/tr><tr><td>75 &#8211;&nbsp;<\/td><td>EM\u0130R PASTANES\u0130 \u015eAH\u0130N AVDAL<\/td><\/tr><tr><td>76 &#8211;&nbsp;<\/td><td>ENERJI ISI MARKET \/ NURCAN KESCI<\/td><\/tr><tr><td>77 &#8211;&nbsp;<\/td><td>ENGELL\u0130LER B\u0130RLESME VE DAYANI\u015eMA DERNEG\u0130<\/td><\/tr><tr><td>78 &#8211;&nbsp;<\/td><td>ERDOGAN MARKET KAYABASI<\/td><\/tr><tr><td>79 &#8211;&nbsp;<\/td><td>ERENLER MARKET YA\u015eAR EREN<\/td><\/tr><tr><td>80 &#8211;&nbsp;<\/td><td>ERGULER&nbsp; MOBILYA<\/td><\/tr><tr><td>81 &#8211;&nbsp;<\/td><td>ERS\u0130N KURUYEM\u0130\u015e ERS\u0130N \u00d6ZTEK\u0130N<\/td><\/tr><tr><td>82 &#8211;&nbsp;<\/td><td>ERSIN PRO. END.TEM\u0130Z.AMB.VE KAGIT URN.SENGUL \u00d6ZDAL<\/td><\/tr><tr><td>83 &#8211;&nbsp;<\/td><td>ESAT KUNDURA KARES<\/td><\/tr><tr><td>84 &#8211;&nbsp;<\/td><td>EV\u0130N MARKETC\u0130L\u0130K GIDA SAN.VE T\u0130C.LTD.\u015eT\u0130<\/td><\/tr><tr><td>85 &#8211;&nbsp;<\/td><td>FAT\u0130H G\u0130Y\u0130M&nbsp;&nbsp;<\/td><\/tr><tr><td>86 &#8211;&nbsp;<\/td><td>FAT\u0130H KUNDURA<\/td><\/tr><tr><td>87 &#8211;&nbsp;<\/td><td>FIRAT1 SITESI YONETIM BASKANLIGI<\/td><\/tr><tr><td>88 &#8211;&nbsp;<\/td><td>GOREN KEBAPCHI&nbsp; SONER GOREN<\/td><\/tr><tr><td>89 &#8211;&nbsp;<\/td><td>G\u00d6KTA\u015eLAR MARKET SEBZE-MEYVE GIDA LTD.\u015eT\u0130<\/td><\/tr><tr><td>90 &#8211;&nbsp;<\/td><td>G\u00d6RMEYENLER K\u00dcLT\u00dcR VE B\u0130RLESME DERNEGI<\/td><\/tr><tr><td>91 &#8211;&nbsp;<\/td><td>GUNEY BAKKALIYESI SAL\u0130H BEY<\/td><\/tr><tr><td>92 &#8211;&nbsp;<\/td><td>G\u00dcL EV ALETLER\u0130 DAY.T\u00dcK.MAD.\u0130N\u015e.TAAH.T\u0130C.SAN.LTD.\u015e<\/td><\/tr><tr><td>93 &#8211;&nbsp;<\/td><td>G\u00dcL MARKET\u0130M HAZ\u0130FE USTUNDAG<\/td><\/tr><tr><td>94 &#8211;&nbsp;<\/td><td>G\u00dcLSEREN EV YEMEKLERI GULSEREN YILMAZ<\/td><\/tr><tr><td>95 &#8211;&nbsp;<\/td><td>G\u00dcNAY G\u0130DA CATER\u0130NG T\u00dcT\u00dcN GIDA OTO.TEM.T\u0130C.LTD.\u015eT\u0130<\/td><\/tr><tr><td>96 &#8211;&nbsp;<\/td><td>G\u00dcNE\u015e BAKKAL\u0130YES\u0130 \u0130SMA\u0130L G\u00dcNE\u015e<\/td><\/tr><tr><td>97 &#8211;&nbsp;<\/td><td>G\u00dcVEN BES\u0130 &amp; KASAP NURI OZTURK<\/td><\/tr><tr><td>98 &#8211;&nbsp;<\/td><td>G\u00dcVEN K\u00d6SK \u0130BRAH\u0130M G\u00dcVEN<\/td><\/tr><tr><td>99 &#8211;&nbsp;<\/td><td>HACI EROL 1967&nbsp; AZ\u0130Z ALTINOK<\/td><\/tr><tr><td>100 &#8211;&nbsp;<\/td><td>HAKAN B\u00dcFE<\/td><\/tr><tr><td>101 &#8211;&nbsp;<\/td><td>HAKAN MARKET<\/td><\/tr><tr><td>102 &#8211;&nbsp;<\/td><td>HAL\u0130S MADENC\u0130L\u0130K OTO.\u0130N\u015e.TAS.TUR.SAN.T\u0130C.LTD.\u015eT\u0130<\/td><\/tr><tr><td>103 &#8211;&nbsp;<\/td><td>HANDE TUHAFIYE HAYR\u0130YE YAVUZ<\/td><\/tr><tr><td>104 &#8211;&nbsp;<\/td><td>HANIMIN CIFTLIGI NELIHAN MILOGLU<\/td><\/tr><tr><td>105 &#8211;&nbsp;<\/td><td>HASBAY M\u00dcHEND\u0130SL\u0130K M\u0130MAR. \u0130N\u015e.TAAH.D\u0130\u015e.T\u0130C.LTD.\u015eT\u0130<\/td><\/tr><tr><td>106 &#8211;&nbsp;<\/td><td>HAT &#8211; YAPI M\u0130M.MUH.\u0130N\u015e.TAAH.TUR.T\u0130C.VE SAN.LTD.\u015eT\u0130<\/td><\/tr><tr><td>107 &#8211;&nbsp;<\/td><td>HOBBY KUNDURA AHMET KAPLAN<\/td><\/tr><tr><td>108 &#8211;&nbsp;<\/td><td>HS KOZMET\u0130K BUJ\u0130TER\u0130 YEL\u0130Z YILMAZ<\/td><\/tr><tr><td>109 &#8211;&nbsp;<\/td><td>HURDACI BURHAN&nbsp; SAFRANBOLU<\/td><\/tr><tr><td>110 &#8211;&nbsp;<\/td><td>IC GROUP IR\u0130NA ORAL- SATO CAFE &#8211; CORAL INSAAT<\/td><\/tr><tr><td>111 &#8211;&nbsp;<\/td><td>\u0130SMET MARKET\u00c7\u0130L\u0130K SAN.VE T\u0130C.LTD.\u015eT\u0130.<\/td><\/tr><tr><td>112 &#8211;&nbsp;<\/td><td>JAPON PAZARI DURSUN SALTOGLU<\/td><\/tr><tr><td>113 &#8211;&nbsp;<\/td><td>KAHFE OYUN CAFE DURSUN YALCINKAYA<\/td><\/tr><tr><td>114 &#8211;&nbsp;<\/td><td>KAHVE DUKKANI AY\u015eEG\u00dcL \u00c7ET\u0130N KULAKCI<\/td><\/tr><tr><td>115 &#8211;&nbsp;<\/td><td>KALEMLER YURT \u0130\u015eLETMEC\u0130L\u0130G\u0130 TEKS.SAN.VE T\u0130C.LTD.ST<\/td><\/tr><tr><td>116 &#8211;&nbsp;<\/td><td>KAL\u0130TEM MARKET GIDA TUK.MAD.SAN VE T\u0130C.LTD.\u015eT\u0130<\/td><\/tr><tr><td>117 &#8211;&nbsp;<\/td><td>KARABACAK INSAAT MET\u0130N SOGUT<\/td><\/tr><tr><td>118 &#8211;&nbsp;<\/td><td>KARABUK EMNIYET MUDURLUGU<\/td><\/tr><tr><td>119 &#8211;&nbsp;<\/td><td>KARAB\u00dcK \u00c7AGDA\u015e PAZARLAMA \u0130N\u015e.TAAH.TURZ.LTD.\u015eT\u0130<\/td><\/tr><tr><td>120 &#8211;&nbsp;<\/td><td>KARAB\u00dcK ORMAN \u0130\u015eLETMES\u0130 M\u00dcD\u00dcRL\u00dcGU<\/td><\/tr><tr><td>121 &#8211;&nbsp;<\/td><td>KARAB\u00dcK ORTACA KOYU MUHTARLIG<\/td><\/tr><tr><td>122 &#8211;&nbsp;<\/td><td>KARAB\u00dcK REKLAM EMRE FINDIK<\/td><\/tr><tr><td>123 &#8211;&nbsp;<\/td><td>KARAB\u00dcK SANAY\u0130 VE T\u0130CARET ODASI<\/td><\/tr><tr><td>124 &#8211;&nbsp;<\/td><td>KARADENIZ EKMEK FIRIN SOGUKSU<\/td><\/tr><tr><td>125 &#8211;&nbsp;<\/td><td>KARAOGLU DEM\u0130R\u00c7EL\u0130K<\/td><\/tr><tr><td>126 &#8211;&nbsp;<\/td><td>KARDEM\u0130R KARAB\u00dcK DEM\u0130R \u00c7EL\u0130K SANAY\u0130 VE T\u0130CARET A.\u015e<\/td><\/tr><tr><td>127 &#8211;&nbsp;<\/td><td>KARDER KARAB\u00dcK KALKINMA VE DAYANI\u015eMA DERNE\u011e\u0130<\/td><\/tr><tr><td>128 &#8211;&nbsp;<\/td><td>KATIK DONER SONER G\u00d6REN<\/td><\/tr><tr><td>129 &#8211;&nbsp;<\/td><td>KEF TASARIM STUDYOSU FATMA ESRA KARADEN\u0130Z<\/td><\/tr><tr><td>130 &#8211;&nbsp;<\/td><td>KETENC\u0130 A.\u015e<\/td><\/tr><tr><td>131 &#8211;&nbsp;<\/td><td>KILINC MARKET MEHMET KILINC<\/td><\/tr><tr><td>132 &#8211;&nbsp;<\/td><td>KIRIKOGLU OTO YEDEKPARCA AVNI<\/td><\/tr><tr><td>133 &#8211;&nbsp;<\/td><td>KOCALAR PETROL \u0130TH.SAN.LTD.\u015eT\u0130.<\/td><\/tr><tr><td>134 &#8211;&nbsp;<\/td><td>KOROGLU BAKLIYAT MURAT KOROGLU<\/td><\/tr><tr><td>135 &#8211;&nbsp;<\/td><td>KOZMAT\u0130KA CENTER AYSE KAM\u0130TOGLU<\/td><\/tr><tr><td>136 &#8211;&nbsp;<\/td><td>KUAFOR SABRI SAC TASARIM MERKEZI SABRI BASKAYA<\/td><\/tr><tr><td>137 &#8211;&nbsp;<\/td><td>KUZENLER MARKET KARTALTEPE<\/td><\/tr><tr><td>138 &#8211;&nbsp;<\/td><td>LEVENT ECZANES\u0130 DR.N.TENNUR LEVENT<\/td><\/tr><tr><td>139 &#8211;&nbsp;<\/td><td>LKT GIDA SAN. Ve T\u0130C. LTD. \u015eT\u0130.-DURUM TIR<\/td><\/tr><tr><td>140 &#8211;&nbsp;<\/td><td>LOYAA PASTA &amp; CAFE \u00dcM\u0130T KARA\u00c7AM VE ORT.<\/td><\/tr><tr><td>141 &#8211;&nbsp;<\/td><td>MALKOCOGLU MARKET SEFA MALKOC<\/td><\/tr><tr><td>142 &#8211;&nbsp;<\/td><td>MARKA MARKET<\/td><\/tr><tr><td>143 &#8211;&nbsp;<\/td><td>MARKAR PETROL NAK.\u0130N\u015e.TURZ.GIDA SAN.TIC.LTD.ST\u0130.<\/td><\/tr><tr><td>144 &#8211;&nbsp;<\/td><td>MEVS\u0130M MANAVI UMIT KARACAM<\/td><\/tr><tr><td>145 &#8211;&nbsp;<\/td><td>MIRA CAFE RESTORAN SENEM AYHAN<\/td><\/tr><tr><td>146 &#8211;&nbsp;<\/td><td>M\u0130RA\u00c7 MARKET SABR\u0130 KAYNAR<\/td><\/tr><tr><td>147 &#8211;&nbsp;<\/td><td>MOT\u0130F G\u0130Y\u0130M FAT\u0130H ALTOPRAK<\/td><\/tr><tr><td>148 &#8211;&nbsp;<\/td><td>MURAT ZUCCAC\u0130YE MURAT KAYABASI<\/td><\/tr><tr><td>149 &#8211;&nbsp;<\/td><td>NARET GIDA PAZARI OSMAN OGUZ VE ORT<\/td><\/tr><tr><td>150 &#8211;&nbsp;<\/td><td>NARMAR CUMA KARA<\/td><\/tr><tr><td>151 &#8211;&nbsp;<\/td><td>NASIP BILISIM REKLAM TEKS.PAZ.SAN.T\u0130C.LTD.ST\u0130<\/td><\/tr><tr><td>152 &#8211;&nbsp;<\/td><td>NATIROGLU LIKIT PETROL GAZI TIC.A.\u015e<\/td><\/tr><tr><td>153 &#8211;&nbsp;<\/td><td>NAZAR OTEL<\/td><\/tr><tr><td>154 &#8211;&nbsp;<\/td><td>N\u0130L G\u0130DA NURAN G\u00dcLERYUZ G\u0130TMEZ<\/td><\/tr><tr><td>155 &#8211;&nbsp;<\/td><td>N\u0130SA KOZMET\u0130K HAF\u0130ZE OZEN<\/td><\/tr><tr><td>156 &#8211;&nbsp;<\/td><td>NUR MARKET SATILMIS ARIK<\/td><\/tr><tr><td>157 &#8211;&nbsp;<\/td><td>NUR\u0130KRAM S\u00dcT \u00dcR\u00dcNLER\u0130 GIDA HAY. NAK.PAZ.SAN.VE T\u0130C<\/td><\/tr><tr><td>158 &#8211;&nbsp;<\/td><td>NURMAR GIDA PAZ.IHT.INS.HAY.SUT.VE SUTUR.SAN.T\u0130C.L<\/td><\/tr><tr><td>159 &#8211;&nbsp;<\/td><td>OBURX EMRAH BASDEM\u0130R<\/td><\/tr><tr><td>160 &#8211;&nbsp;<\/td><td>OGUZ MED\u0130KAL SEDEF KO\u00c7<\/td><\/tr><tr><td>161 &#8211;&nbsp;<\/td><td>OLDC\u0130TY CAFE &amp; B\u0130STRO CAH\u0130T BERKAY KAZANG\u0130RLER<\/td><\/tr><tr><td>162 &#8211;&nbsp;<\/td><td>ONUR-SAN MADEN \u0130N\u015e.HAZIR BETON TUR.VE.TAAH.LTD.\u015eT\u0130<\/td><\/tr><tr><td>163 &#8211;&nbsp;<\/td><td>\u00d6ZDENT TEK.SA\u011e.\u0130N\u015e.SAN.VE T\u0130C.LTD.\u015eT\u0130.- BEBESSI<\/td><\/tr><tr><td>164 &#8211;&nbsp;<\/td><td>\u00d6ZDE\u015e T\u0130CARET AHMET \u00d6ZDE\u015e<\/td><\/tr><tr><td>165 &#8211;&nbsp;<\/td><td>\u00d6ZER MAGZALARI&nbsp; SAL\u0130M \u00d6ZER<\/td><\/tr><tr><td>166 &#8211;&nbsp;<\/td><td>\u00d6ZG\u00dcR DAYANIKLI T\u00dcKET\u0130M MAL.\u0130N\u015e.TAAH.SAN.VE T\u0130C.LT<\/td><\/tr><tr><td>167 &#8211;&nbsp;<\/td><td>\u00d6ZYAL\u00c7IN BES. D\u00c7. GIDA \u0130N\u015e.NAK.TURM.SAN.T\u0130C.LTD.\u015eT-GERDAN<\/td><\/tr><tr><td>168 &#8211;&nbsp;<\/td><td>\u00d6ZYAR ALISVERIS MERKEZI<\/td><\/tr><tr><td>169 &#8211;&nbsp;<\/td><td>\u00d6ZYAZICIO\u011eLU DA\u011eT. PAZ. \u00d6DEME ARK. VE TAHS. LTD.\u015eT-YAYSAT<\/td><\/tr><tr><td>170 &#8211;&nbsp;<\/td><td>PABUC AYAKKABI OGUZ YAGYAOGLU<\/td><\/tr><tr><td>171 &#8211;&nbsp;<\/td><td>PABUC PLUS BUT\u0130K BANU ALU\u00c7 YAHYAO\u011eLU<\/td><\/tr><tr><td>172 &#8211;&nbsp;<\/td><td>PASA DONER<\/td><\/tr><tr><td>173 &#8211;&nbsp;<\/td><td>PASAPORT P\u0130ZZA&nbsp;<\/td><\/tr><tr><td>174 &#8211;&nbsp;<\/td><td>PERYAP INS.MAL.YAPI SAN. VE TIC.LTD.\u015eT\u0130<\/td><\/tr><tr><td>175 &#8211;&nbsp;<\/td><td>PINAR MARKET AL\u0130 OSMAN HORUZOGLU<\/td><\/tr><tr><td>176 &#8211;&nbsp;<\/td><td>PINAR YEMEK NIHAT EKEMEN<\/td><\/tr><tr><td>177 &#8211;&nbsp;<\/td><td>PM D\u0130ZDAR TEK.KAVCUK URUNLERI PAZ.SAN.VE T\u0130C.LTD.\u015e<\/td><\/tr><tr><td>178 &#8211;&nbsp;<\/td><td>S.C MARKET NECATI KARAOGLU<\/td><\/tr><tr><td>179 &#8211;&nbsp;<\/td><td>S.M.MAL\u0130 M\u00dc\u015eAV\u0130R SEHER \u00dcNDAN AY<\/td><\/tr><tr><td>180 &#8211;&nbsp;<\/td><td>S.S. DEM\u0130RC\u0130LER K\u00d6Y\u00dc T\u00dcKET\u0130M KOOPERAT\u0130F\u0130<\/td><\/tr><tr><td>181 &#8211;&nbsp;<\/td><td>SAFRAN SA\u011eLIK GRUP E\u011eT\u0130M TUR. \u0130N\u015e. SAN.VE T\u0130C.T A\u015e-MED\u0130KAR<\/td><\/tr><tr><td>182 &#8211;&nbsp;<\/td><td>SAFRANBOLU \u0130L\u00c7E EML\u0130YET MUDURLUGU<\/td><\/tr><tr><td>183 &#8211;&nbsp;<\/td><td>SAFRANBOLU \u0130L\u00c7E M\u00dcFT\u00dcL\u00dc\u011e\u00dc<\/td><\/tr><tr><td>184 &#8211;&nbsp;<\/td><td>SALMANLAR MARKET\u00c7\u0130L\u0130K TRM GIDA NAK.SAN.VE T\u0130C.LTD<\/td><\/tr><tr><td>185 &#8211;&nbsp;<\/td><td>SALTOGULLARI INSAAT ZUCCACIYE- BUYUK CARSI<\/td><\/tr><tr><td>186 &#8211;&nbsp;<\/td><td>SANTRAL \/ KUL\u0130S&nbsp; MAGZASI<\/td><\/tr><tr><td>187 &#8211;&nbsp;<\/td><td>SARI \u00c7\u0130CEK V\u0130LLALAR\u0130 S\u0130TE Y\u00d6NET\u0130M\u0130<\/td><\/tr><tr><td>188 &#8211;&nbsp;<\/td><td>SARI OTO KAPARTO NURETTIN SAR\u0130<\/td><\/tr><tr><td>189 &#8211;&nbsp;<\/td><td>SE-HA MARKET \u0130BRAH\u0130M KOROGLU<\/td><\/tr><tr><td>190 &#8211;&nbsp;<\/td><td>SEH\u0130T ADEM YAVRU \u0130LK OKULU<\/td><\/tr><tr><td>191 &#8211;&nbsp;<\/td><td>SEH\u0130T \u0130SA EKEN \u0130LKOKULU OKUL A\u0130LE B\u0130RL\u0130G\u0130<\/td><\/tr><tr><td>192 &#8211;&nbsp;<\/td><td>SEKER&#8221;A GIDA BESICILIK LTD.STI<\/td><\/tr><tr><td>193 &#8211;&nbsp;<\/td><td>SEKERC\u0130 OSMAN LOKUMLARI NURDAN OZAGIRTAN<\/td><\/tr><tr><td>194 &#8211;&nbsp;<\/td><td>SENDE AL \u0130NSAAT MALZ.YAPI SAN.VE T\u0130C.LTD.\u015eT\u0130.<\/td><\/tr><tr><td>195 &#8211;&nbsp;<\/td><td>SENKRON ELEKTR\u0130K \u0130N\u015e.TAAH.OTOMA.SAN.VE T\u0130C.LTD.\u015eT\u0130<\/td><\/tr><tr><td>196 &#8211;&nbsp;<\/td><td>SETRE KONF.TEKS.SAN.T\u0130C.LTD.\u015eT\u0130<\/td><\/tr><tr><td>197 &#8211;&nbsp;<\/td><td>S\u00d6NMEZLER MARKET RECEP S\u00d6NMEZ<\/td><\/tr><tr><td>198 &#8211;&nbsp;<\/td><td>\u015eAD\u0130YE HANIM KONAGI YALCIN KAVAK<\/td><\/tr><tr><td>199 &#8211;&nbsp;<\/td><td>\u015eAFAK ECZANES\u0130 ECZ.MEHMET K\u00d6RPEN<\/td><\/tr><tr><td>200 &#8211;&nbsp;<\/td><td>\u015eAHANE PAZAR AVM SAN.VE TIC.LTD.\u015eT\u0130<\/td><\/tr><tr><td>201 &#8211;&nbsp;<\/td><td>T\u0130RYAK\u0130 G\u0130DA MAD.Z\u00dcC.TEKS.KIRT.PZR. LTD.\u015eT\u0130<\/td><\/tr><tr><td>202 &#8211;&nbsp;<\/td><td>TOROS LAHMACUN A.SONER GENCAY<\/td><\/tr><tr><td>203 &#8211;&nbsp;<\/td><td>TUNA T\u0130CARET HUSEYIN KORPEN<\/td><\/tr><tr><td>204 &#8211;&nbsp;<\/td><td>TUTKUN OTO<\/td><\/tr><tr><td>205 &#8211;&nbsp;<\/td><td>ULUDAG MARKET FATMA ULUDAG<\/td><\/tr><tr><td>206 &#8211;&nbsp;<\/td><td>\u00dc\u00c7LER PETROL \u00dcR\u00dcNLER\u0130 NAK.TUR.VE T\u0130C.LTD.\u015eT\u0130-OPET<\/td><\/tr><tr><td>207 &#8211;&nbsp;<\/td><td>\u00dcNAL MARKET EFLAN\u0130<\/td><\/tr><tr><td>208 &#8211;&nbsp;<\/td><td>VARDAR \u00c7\u0130\u00c7EK\u00c7\u0130L\u0130K<\/td><\/tr><tr><td>209 &#8211;&nbsp;<\/td><td>W\u0130NGS CAFE SONER MANAV VE ORT.<\/td><\/tr><tr><td>210 &#8211;&nbsp;<\/td><td>YAMANT\u00dcRK MOB\u0130LYA \u0130N\u015e.TAAH.BAY.T\u00dcK.MAL.PAZ.T\u0130C.LTD<\/td><\/tr><tr><td>211 &#8211;&nbsp;<\/td><td>YANKI ELEKTRONIK IN\u015e.TUR.SAN.T\u0130C.LTD.\u015eT\u0130<\/td><\/tr><tr><td>212 &#8211;&nbsp;<\/td><td>YELKEN YASAM KOMPLEKS\u0130 ERHAN YARDAKUL<\/td><\/tr><tr><td>213 &#8211;&nbsp;<\/td><td>YEN\u0130 \u00c7ARSI KONFEKSIYON TIC.PAZ.LTD.\u015eT\u0130 -VAV BARBOROS<\/td><\/tr><tr><td>214 &#8211;&nbsp;<\/td><td>YILDIZ MOB\u0130LYA KON.\u0130N\u015e.TUR.SAN VE T\u0130C.LTD.\u015eT\u0130<\/td><\/tr><tr><td>215 &#8211;&nbsp;<\/td><td>Y\u00dcKSELLER KERESTE MON\u0130LYA DAG.\u0130N\u015e.MAL.T\u0130C.VE SAN.L<\/td><\/tr><tr><td>216 &#8211;&nbsp;<\/td><td>Z\u0130RVE MARKET KEREM ISIK<\/td><\/tr><tr><td>217 &#8211;&nbsp;<\/td><td>ZONTAS ZONGULDAK-BART\u0130N-KARAB\u00dcK NAK.AMB.TAS.T\u0130C.A\u015e<\/td><\/tr><\/tbody><\/table><\/figure>\n","protected":false},"excerpt":{"rendered":"<p>Bizi Tercih Edenler 1 &#8211;&nbsp; 100.YIL ECZANESI ECZ.AHMET EMRAH KESKIN 2 &#8211;&nbsp; 100.YIL JAPON PAZARI SERKAN DANABAS 3 &#8211;&nbsp; ABALIOGLU YEM SOYA TEKS. SAN.A.\u015e &#8211; LETIZA TAVUK 4 &#8211;&nbsp; ABDULLAHOGLU KIRTAMUSTAFA-NECDET ABDULLAHO\u011eLU ORT. 5 &#8211;&nbsp; ADEN \u0130NSAAT M\u00dcHEND\u0130SLK GIDA PAZ.TUR.TIC.LTD.\u015eT\u0130 6 &#8211;&nbsp; AEB SANAYI.TIC.LTD.\u015eT\u0130&nbsp; &#8211; LUKET 7 &#8211;&nbsp; AG B\u0130L\u0130\u015e\u0130M TEK.TUR.\u0130N.GIDA NAK.- GULIN SAFRAN CAFE [&hellip;]<\/p>\n","protected":false},"author":1,"featured_media":0,"parent":0,"menu_order":0,"comment_status":"closed","ping_status":"closed","template":"","meta":{"om_disable_all_campaigns":false,"_monsterinsights_skip_tracking":false,"_monsterinsights_sitenote_active":false,"_monsterinsights_sitenote_note":"","_monsterinsights_sitenote_category":0,"footnotes":""},"class_list":["post-30","page","type-page","status-publish","hentry"],"aioseo_notices":[],"_links":{"self":[{"href":"https:\/\/rotabilisim.com\/index.php\/wp-json\/wp\/v2\/pages\/30","targetHints":{"allow":["GET"]}}],"collection":[{"href":"https:\/\/rotabilisim.com\/index.php\/wp-json\/wp\/v2\/pages"}],"about":[{"href":"https:\/\/rotabilisim.com\/index.php\/wp-json\/wp\/v2\/types\/page"}],"author":[{"embeddable":true,"href":"https:\/\/rotabilisim.com\/index.php\/wp-json\/wp\/v2\/users\/1"}],"replies":[{"embeddable":true,"href":"https:\/\/rotabilisim.com\/index.php\/wp-json\/wp\/v2\/comments?post=30"}],"version-history":[{"count":1,"href":"https:\/\/rotabilisim.com\/index.php\/wp-json\/wp\/v2\/pages\/30\/revisions"}],"predecessor-version":[{"id":40,"href":"https:\/\/rotabilisim.com\/index.php\/wp-json\/wp\/v2\/pages\/30\/revisions\/40"}],"wp:attachment":[{"href":"https:\/\/rotabilisim.com\/index.php\/wp-json\/wp\/v2\/media?parent=30"}],"curies":[{"name":"wp","href":"https:\/\/api.w.org\/{rel}","templated":true}]}}